What is i(9)?
-8
Let t(j) = -29*j - 9. Let w(l) = 35*l + 8. Let r(g) = -6*t(g) - 5*w(g). What is r(19)?
-5
Let a = 29 - 19. Let q(c) = -c**3 + 10*c**2 + 3*c - 9. What is q(a)?
21
Let w(l) = -4*l**2 - 3. Let k(d) = -d**2 - d. Let r(v) = -5*k(v) + w(v). What is r(-6)?
3
Suppose -4*x - j - 4*j = 37, -27 = 4*x - 5*j. Let a(u) = 3*u + 9. Determine a(x).
-15
Let x(s) be the second derivative of s**4/12 - 5*s**3/3 + 2*s**2 + 648*s. Give x(11).
15
Let c(s) = 8 + 10 - s**2 + 0 - 12. Calculate c(-3).
-3
Suppose -2*y + 4*y + 14 = 2*k, 5*y = 2*k - 11. Suppose -4*i = -2*i + k. Let h(r) = -r**2 - 7*r. Calculate h(i).
12
Let l = -68 + 48. Let d = l - -29. Suppose 0 = d*u - 4*u - 20. Let f(v) = v**2 - v - 4. What is f(u)?
8
Let j(z) = 3*z**2 + 11*z. Let i be j(-4). Let m(o) be the first derivative of -2 + i*o + 1/3*o**3 - 4*o**2. Give m(7).
-3
Let j(h) = -h**3 + 4*h**2 - 3*h + 3. Suppose -14*z + 2*v = -9*z - 23, 2 = -2*z - 2*v. Determine j(z).
3
Let p(x) = -1. Let l = -26 - -27. Let t(o) = 2*o + 7. Let f(g) = l*t(g) + 2*p(g). Give f(-8).
-11
Let u(i) = i**3 - i**2 - i + 1. Let j(g) = 5*g**3 - 5*g**2 - 4*g + 5. Let r = 25 + -19. Let y(w) = r*u(w) - j(w). What is y(-2)?
-7
Let s be 51/7 - 8/28. Let x = s + -2. Let g(v) = 2*v**3 - 4 - 253*v**2 + 247*v**2 + 5*v - v**3. What is g(x)?
-4
Let v(u) = -u**3 - 10*u**2 - 3*u - 25. Let d be v(-10). Let m(r) = -d + 2*r + 3 + 2 - 6. What is m(6)?
6
Let q(v) = -2*v + 10. Let w(u) = u**2 + 6*u + 9. Let b be w(7). Let i be 720/b - 1/5. Give q(i).
-4
Let n(g) = -g**2 - 13*g - 46. Let x be n(-7). Let f(i) = -i + 1. Let o(b) = -5*b + 11. Let s(h) = 6*f(h) - o(h). Give s(x).
-1
Let h = 16 - 11. Let i(b) be the second derivative of -b**5/20 + b**4/2 - b**3/2 + b**2/2 + 18*b. What is i(h)?
11
Let t(r) = r**3 + 5*r**2 + 7*r + 5. Let h be (-22)/(-8) + (-7)/(-28). Suppose 15*d = 12*d - h. Let b be (-3)/((-7)/(-4) + d). Determine t(b).
-7
Let x(z) = -z**3 - 3*z**2 + 5*z - 2. Suppose -3*s = 4*j + 12, -2*j = 2*s - 4*s - 8. What is x(s)?
-6
Let l be (0/(-2))/(0 - -1). Let q(a) = 22*a - 23. Let u(d) = -5*d + 6. Let f(h) = 2*q(h) + 9*u(h). Determine f(l).
8
Let p(x) = -11 - 3*x - 4*x**2 + 3*x**2 + 11. Let g(h) = -4*h - 5. Let m be g(0). Give p(m).
-10
Suppose t + 3 = 2*t. Let n be (-68)/12 + (-1)/t. Let l(q) = -q**2 - 8*q - 7. Give l(n).
5
Let p(d) = -20*d**3 - 2*d**2 - 17*d + 3. Let n(b) = -11*b**3 - 2*b**2 - 9*b + 1. Let x(f) = 9*n(f) - 5*p(f). Calculate x(8).
26
Let o(v) be the first derivative of -3*v + 10 - 1/2*v**2. Let b be (0/(-3) + -1)*0. Give o(b).
-3
Let p = -14 - -26. Suppose 3*z + p = 0, -2*t - 2*z - 6 = 2. Suppose t = 4*l - 3*l + 6. Let s(x) = x**3 + 6*x**2 + 4. Calculate s(l).
4
Let p = 4 - 23. Suppose 27*v = 498 + 123. Let i = p + v. Let y(j) = -j**3 + 4*j**2. Calculate y(i).
0
Suppose b - 2 = 3*b, s - 11 = 4*b. Suppose -g = -u + 4, -20 = -3*g + s*g - 2*u. Let j(r) = -r**3 - 6*r**2 + 2*r + 4. Determine j(g).
-8
Let q(y) = 17*y**2 + 0*y**3 - 2*y**3 + 2 - 15*y**2 - 3*y + 0*y**3. Let k(h) be the first derivative of h**3 + h**2 + h + 5. Let d be k(-1). What is q(d)?
-12
Let n(g) = -10*g**2 - 3*g - 11. Let m(l) = -31*l**2 - 7*l - 35. Let a(j) = -2*m(j) + 7*n(j). Calculate a(-1).
-8
Let k(h) = -25*h - 1. Let n = 141 + -142. Give k(n).
24
Let o(b) = -6 - 1 + 1 - b. Let l be (-31)/4 - 92/368. Calculate o(l).
2
Let v = -312 - -315. Let r(d) be the second derivative of 3/2*d**2 + 1/3*d**v + d + 0. Determine r(3).
9
Let p(c) = -c**3 + 4*c**2 + 3*c + 1. Suppose -u - 2*b - 2 = u, -4*b - 4 = u. Let x(k) = -4*k + 105. Let w be x(25). Suppose w = n - u. What is p(n)?
-9
Let r(t) = t**3 - 18*t**2 - 18*t - 25. Let j be r(19). Let i(b) = -b**3 - 5*b**2 - 2*b - 4. Calculate i(j).
44
Let u = -74 + 80. Let z(o) = -17 + 7 - 2*o - 15*o**2 + u + 5. What is z(1)?
-16
Let l(c) = -110*c - 6. Let v be l(-2). Let t(u) = -5*u + u + 214 - v. Let k = 3 + -1. Give t(k).
-8
Suppose 98 + 22 = 12*t. Suppose -2 + t = 4*a. Let b(i) = -i**3 + 3*i**2 - 3*i + 1. Calculate b(a).
-1
Let v(o) = -1 - 4*o**2 + 4 - 2*o**3 - 4*o - 6. Let n be (0 + -3)/(-3)*3 + 0. Suppose -p + 6 = 2*p + n*q, -3*q = -3*p - 18. Calculate v(p).
5
Let n be (-23 + 25)*(-3)/2. Let o(c) = 6*c + 2. Determine o(n).
-16
Let w = -107 - -101. Let z(f) be the third derivative of 1/60*f**5 + 1/6*f**3 + 0*f + 7/24*f**4 - 7*f**2 + 0. What is z(w)?
-5
Let d(z) = 29*z + 1108. Let n be d(-38). Let c(p) = 6*p - 29. Give c(n).
7
Let z(l) = 2*l - 2. Let r be z(2). Let o(h) = -1 + 19*h - 63*h + 21*h + 22*h + 4*h**2. Give o(r).
13
Suppose -4*v + 25 = -7. Suppose v*i - 6*i = 4. Let h(s) be the second derivative of -s**3/2 + s**2/2 + 2*s. Determine h(i).
-5
Let l(q) = 2*q**3 - 3*q**2 - 2. Suppose -3*o = 10*a - 14*a + 18, -5*a + 3*o + 21 = 0. Give l(a).
25
Let j(a) = a**2 - a - 6. Suppose -4*l - 8 = 0, 5*g - 4*l - 14 = 4*g. What is j(g)?
24
Let u(a) = -12*a - 2. Suppose 22*b - 24*b - 4 = 0. Determine u(b).
22
Suppose 0 = -3*f + 4*y - 13, -5*y = 2*f - 2*y - 14. Let t(r) = r + 6. Let k(p) = -10*p - 65. Let u(d) = -6*k(d) - 65*t(d). What is u(f)?
-5
Let h(j) be the first derivative of j**2 - 63*j - 2 - 5 + 28*j + 25*j. Give h(9).
8
Let j(k) = k + 2. Let d(i) = -i - 12. Let m(u) = -d(u) - 2*j(u). Calculate m(-9).
17
Let f(u) = -u**2 - u + 1. Let z(w) = w**3 + 2*w**2 - 3*w. Let k(l) = -l**3 + 15*l**2 - 12*l - 26. Let b be k(14). Let a(o) = b*f(o) - z(o). Determine a(-2).
-8
Suppose -2*s + 13 = -1. Let h(w) = w**3 - 8*w**2 + 8*w - 7. Give h(s).
0
Suppose 16 = 4*v, 3*l - 22*v = -25*v - 12. Let z(s) = s**2 + 7*s - 7. Give z(l).
1
Let b(y) be the third derivative of 28*y**2 + 1/30*y**5 + 0 + 0*y + 5/24*y**4 - 2/3*y**3 - 1/120*y**6. What is b(3)?
2
Let q(l) = 2*l + 33*l**2 + 16 - 8*l**3 - 10*l**2 + 7*l**3 - 6*l + 3*l. What is q(23)?
-7
Let b(z) be the second derivative of -z**8/6720 + z**7/1260 + z**5/40 + z**4 + 9*z. Let o(a) be the third derivative of b(a). Calculate o(3).
-6
Let o = 10 - 9. Let h(a) = 18*a**3 - 1. What is h(o)?
17
Let d(h) = -4*h + 5. Let n(q) = -q**2 - 8*q + 35. Let w be n(-11). What is d(w)?
-3
Let x(i) be the second derivative of -i**5/20 + 2*i**4/3 - 7*i**3/6 - 6*i. Suppose 0 = -6*q + q - 10. Let k be q/3*(-18)/12*7. What is x(k)?
0
Let p(o) = 4 + o - 8*o - 3. Suppose -30*w = -53*w + 46. Determine p(w).
-13
Suppose -15*k + 10*k + 50 = 0. Suppose -5*j - 40 = -k. Let q(x) = 2*x + 6. What is q(j)?
-6
Let s(i) = 4*i**2 + 10*i + 8. Let h(p) = -2*p**2 + p - 1. Let k(g) = -3*h(g) - s(g). Determine k(7).
2
Let j(r) = 27*r - 8. Let u(b) = -4*b + 1. Let i(m) = -j(m) - 5*u(m). Determine i(2).
-11
Let v(u) = -6*u**3 - u**2 - u - 1. Let j be v(-1). Suppose -j*y + 16 = -14. Let r(b) = 7*b**2 + 2*b - 9*b + 8 - 4*b**3 + 3*b**3 + 0. What is r(y)?
2
Let m(k) = 18*k**2. Let o(j) = 13*j + 1. Let s be o(0). Calculate m(s).
18
Suppose -39*p = -44*p + 5*c + 25, -7 = 5*p + 3*c. Let k(y) = 3 - 9*y + 2 - 6 + 2*y. What is k(p)?
-8
Let n(p) = 8*p - 1. Let d(h) = h. Let g(m) = -2*d(m) - n(m). Give g(1).
-9
Suppose 0 = -16*t - 9 + 25. Let u(j) = j - 2. Give u(t).
-1
Let y = 1 + 1. Let l(x) = -x**2 - 7*x - 3 + y - 4 - 1. Let t = -108 - -104. What is l(t)?
6
Let d(w) = -8*w + 86. Let f(p) = -39*p + 436. Let z(k) = 11*d(k) - 2*f(k). Give z(8).
-6
Let d(x) = x**3 - 10*x**2 + 8*x + 11. Suppose -68*h + 55*h = -117. Give d(h).
2
Let w(a) = -a**3 - 4*a**2 - 4*a - 8. Let u(f) = 1. Let x(v) = v. Let y be x(7). Let i be 1 - y/(28/8). Let q(p) = i*w(p) - 4*u(p). What is q(-3)?
1
Let a(h) = 4 - 10*h**3 - 96*h + 91*h - 8 + 9*h**3 + 2*h**3. What is a(-2)?
-2
Let t(i) be the second derivative of -2*i**3/3 - 3*i**2/2 + i - 1222. Suppose -5*s + s + 12 = 0. Determine t(s).
-15
Let o(h) be the first derivative of 3*h**4/2 + h**2 - h - 6. Suppose -4*b - 3*b + 21 = 0. Suppose -8*u + b*u + 5 = 0. Calculate o(u).
7
Let v(s) = 1 - 1 - 8 + 3 + s**2 - 12*s - 3. What is v(14)?
20
Suppose -3*b - 3 = -2*b. Suppose 2*v + i = -3, 0*v = 4*v - 4*i + 12. Let x be b/1 - (-1 + v). Let o(y) = y - 10. What is o(x)?
-10
Let s(k) = k - 3. Suppose -5*c + 104 = -106. Let y = c + -65. Let d = y + 18. Determine s(d).
-8
Let p(q) = -6*q**2 + 6*q - 6. Let u(o) = 0*o**2 + 6 + 9*o**2 - 5*o - 2*o**2 + 0. Let f(i) = 6*p(i) + 5*u(i). Determine f(8).
18
Let o be 2/5 + (1 - (-208)/(-20)). Let m be (6/6)/(1/o). Let n(b) = -b**3 - 8*b**2 + 10*b + 6. Calculate n(m).
-3
Suppose -14 = 